tor of 105352838 and 293?
293
What is the greatest common divisor of 64 and 559073744?
16
Calculate the highest common divisor of 22610780 and 2480.
620
What is the greatest common divisor of 85 and 44306335?
85
What is the highest common divisor of 44813 and 4100?
41
What is the greatest common divisor of 50 and 3386675?
25
What is the greatest common factor of 25109 and 2542550?
211
What is the highest common divisor of 540 and 111009525?
15
Calculate the highest common divisor of 1120 and 8321880.
280
What is the highest common factor of 6 and 1781470?
2
What is the highest common divisor of 53482 and 5595161?
1573
What is the highest common divisor of 14 and 5449?
1
What is the highest common divisor of 3260 and 36294395?
815
What is the highest common divisor of 17921760 and 480?
480
Calculate the greatest common divisor of 21384 and 208648.
88
Calculate the highest common divisor of 75790309 and 22376.
2797
Calculate the greatest common factor of 4068208 and 5271.
251
Calculate the highest common factor of 128 and 1104953728.
128
Calculate the greatest common divisor of 2246714 and 658552.
626
What is the highest common factor of 872 and 152543102?
218
Calculate the highest common divisor of 128 and 4427328.
64
What is the highest common divisor of 5863 and 1000285?
143
Calculate the highest common divisor of 34233798 and 414.
138
What is the greatest common divisor of 315606 and 736?
46
Calculate the highest common factor of 407398 and 342.
38
Calculate the greatest common factor of 970 and 237814415.
485
Calculate the highest common divisor of 2192499 and 10089.
531
What is the highest common factor of 45 and 335175195?
15
What is the greatest common factor of 183 and 2499231?
183
What is the highest common divisor of 1599 and 4849143?
39
Calculate the greatest common divisor of 4112 and 113722500.
1028
What is the highest common divisor of 144597406 and 1312?
82
What is the highest common factor of 1235 and 21655764?
13
What is the highest common factor of 79345 and 71065?
5
Calculate the highest common factor of 305 and 33523465.
305
Calculate the highest common divisor of 8 and 13367828.
4
What is the highest common divisor of 140 and 1390872?
28
What is the highest common divisor of 24 and 2191440?
24
What is the greatest common divisor of 116 and 274931716?
116
Calculate the greatest common divisor of 26330062 and 5159.
737
Calculate the highest common divisor of 22 and 458252575.
11
What is the greatest common factor of 129076 and 1280939?
1403
Calculate the greatest common divisor of 1113 and 332363.
53
Calculate the greatest common factor of 1553409 and 324207.
1989
What is the highest common factor of 230107755 and 115?
115
What is the greatest common factor of 16798 and 1246890343?
8399
Calculate the greatest common factor of 37 and 36467311.
37
What is the highest common factor of 30912 and 10864?
112
What is the highest common factor of 866147408 and 232?
232
What is the highest common factor of 1070480 and 3232?
16
Calculate the greatest common factor of 30 and 44804280.
30
Calculate the greatest common factor of 712 and 6612344.
712
What is the greatest common factor of 11632 and 1960?
8
Calculate the greatest common factor of 1471512 and 16853.
19
Calculate the highest common factor of 9205446 and 657.
219
What is the highest common divisor of 1420 and 101428470?
710
Calculate the greatest common divisor of 48130236 and 50246.
1358
Calculate the highest common factor of 27413162 and 7196.
3598
Calculate the highest common factor of 146 and 25359397.
73
What is the greatest common factor of 33847 and 1241?
17
What is the greatest common divisor of 1950059 and 41917?
167
Calculate the greatest common factor of 400 and 3731344.
16
What is the greatest common divisor of 413584780 and 228?
76
Calculate the highest common divisor of 103303265 and 65.
65
What is the highest common factor of 119744 and 61252798?
3742
What is the highest common divisor of 436201 and 5921?
31
What is the highest common factor of 17830386 and 6?
6
Calculate the greatest common divisor of 1332025 and 775.
25
Calculate the greatest common divisor of 1972458 and 8640.
54
What is the highest common divisor of 83412 and 107193688?
9268
Calculate the greatest common factor of 4303 and 305175.
13
Calculate the greatest common factor of 274976 and 25376.
416
What is the highest common factor of 15 and 50740365?
15
What is the highest common factor of 10894215 and 3453?
3453
What is the highest common factor of 840 and 28374696?
168
What is the greatest common factor of 1024 and 152927744?
512
What is the highest common factor of 1522969 and 1666?
49
What is the greatest common divisor of 92858435 and 3611?
157
What is the greatest common divisor of 3928 and 516160?
8
Calculate the greatest common divisor of 2001 and 127236.
69
What is the greatest common divisor of 4961 and 129591?
121
What is the highest common factor of 17312 and 1764128?
32
What is the highest common divisor of 399834 and 204282?
1746
What is the greatest common divisor of 18096704 and 10880?
1088
Calculate the highest common factor of 2025 and 5764725.
225
What is the greatest common factor of 69362 and 132578?
878
What is the greatest common factor of 1687160 and 280?
40
Calculate the greatest common factor of 201 and 1331283.
3
What is the highest common divisor of 51 and 3750897?
51
Calculate the greatest common divisor of 38099 and 6355.
31
What is the greatest common divisor of 552 and 106978728?
24
What is the greatest common factor of 2460 and 86095?
5
What is the greatest common divisor of 1296 and 222372?
108
What is the greatest common divisor of 363 and 584722457?
121
Calculate the greatest common factor of 70557734 and 1378.
1378
What is the greatest common factor of 543147680 and 5?
5
What is the highest common divisor of 391033 and 1016?
127
Calculate the greatest common factor of 386050 and 5050.
50
Calculate the greatest common factor of 1919 and 200203513.
1919
What is the greatest common factor of 5073 and 402636?
267
Calculate the highest common divisor of 168350 and 81770.
4810
What is the greatest common factor of 4070 and 113860692?
814
What is the greatest common divisor of 1692 and 1719?
9
What is the highest common factor of 27264 and 52282128?
3408
What is the greatest common factor of 2434 and 58199374?
2434
Calculate the highest common divisor of 4206079 and 13225.
529
What is the greatest common divisor of 39475744 and 8547?
2849
Calculate the greatest common factor of 24720 and 6533496.
2472
Calculate the greatest common divisor of 4322804 and 1672.
76
Calculate the greatest common divisor of 21465 and 10905015.
795
Calculate the highest common factor of 81927978 and 27856.
3482
Calculate the greatest common divisor of 321402 and 510.
102
Calculate the highest common factor of 503 and 4637528717.
503
What is the greatest common divisor of 31620411 and 609?
87
What is the greatest common factor of 200420 and 7100?
20
What is the highest common factor of 62764167 and 107?
107
Calculate the highest common divisor of 360178 and 1114932.
182
Calculate the greatest common factor of 184 and 11968740.
92
What is the greatest common factor of 24288 and 600369?
759
Calculate the greatest common factor of 297 and 18488034.
27
What is the highest common factor of 5548018 and 21?
7
What is the greatest common factor of 2542692 and 48?
12
Calculate the highest common divisor of 214400 and 26131072.
8576
What is the highest common divisor of 2762851 and 11102?
91
What is the greatest common factor of 30452 and 2479852?
1324
Calculate the greatest common divisor of 1061760 and 101910.
2370
Calculate the greatest common divisor of 2016467 and 597.
199
What is the greatest common factor of 678159832 and 21084?
7028
What is the highest common factor of 2390 and 847832185?
1195
Calculate the greatest common divisor of 25 and 522140.
5
Calculate the highest common factor of 408516472 and 472.
472
What is the greatest common divisor of 23473824 and 924?
132
What is the highest common divisor of 394 and 25274?
2
Calculate the highest common factor of 545732 and 44588.
628
What is the highest common divisor of 100812 and 192?
12
What is the highest common factor of 88972 and